{"id":108,"date":"2024-08-26T13:24:15","date_gmt":"2024-08-26T13:24:15","guid":{"rendered":"https:\/\/nutritioninteligent.com\/?post_type=product&#038;p=108"},"modified":"2026-02-25T18:46:35","modified_gmt":"2026-02-25T18:46:35","slug":"bebida-instantanea-de-extracto-de-te-con-plantas-aromaticas","status":"publish","type":"product","link":"https:\/\/nutritioninteligent.com\/index.php\/product\/bebida-instantanea-de-extracto-de-te-con-plantas-aromaticas\/","title":{"rendered":"Bebida instant\u00e1nea de extracto de t\u00e9 con plantas arom\u00e1ticas sabor original"},"content":{"rendered":"<h5 data-bind=\"visible: KeyBenefits\">Principales beneficios<\/h5>\n<div class=\"disc\" data-bind=\"visible: KeyBenefits, html: KeyBenefits\">\n<p>\u2022 Solo 6 kcal por raci\u00f3n<br \/>\n\u2022 Sin az\u00facares a\u00f1adidos<br \/>\n\u2022 Sin gluten<br \/>\n\u2022 Contiene cafe\u00edna<\/p>\n<\/div>\n<h5 data-bind=\"visible: Usage\">Utilizaci\u00f3n<\/h5>\n<div class=\"disc\" data-bind=\"visible: Usage, html: Usage\">\n<p>Disolver media cucharadita de t\u00e9 (1,7 g) en 200-240 ml de agua caliente o fr\u00eda. Tomar uno o dos vasos al d\u00eda.<br \/>\nUna raci\u00f3n contiene 50 mg de cafe\u00edna.<\/p>\n<\/div>\n","protected":false},"excerpt":{"rendered":"<p>Impulsa tu d\u00eda con la Bebida instant\u00e1nea de extracto de t\u00e9 con plantas arom\u00e1ticas. Una bebida deliciosa baja en calor\u00edas con cafe\u00edna e ingredientes bot\u00e1nicos a\u00f1adidos como el extracto de la hoja del t\u00e9 verde, extracto de la hoja del t\u00e9 orange pekoe, polvo de la flor del hibisco y extracto de la semilla de cardamomo.<\/p>\n","protected":false},"featured_media":109,"comment_status":"open","ping_status":"closed","template":"","meta":{"_eb_attr":"","_kad_post_transparent":"default","_kad_post_title":"","_kad_post_layout":"default","_kad_post_sidebar_id":"","_kad_post_content_style":"default","_kad_post_vertical_padding":"default","_kad_post_feature":"","_kad_post_feature_position":"","_kad_post_header":false,"_kad_post_footer":false},"product_brand":[],"product_cat":[18],"product_tag":[19],"class_list":{"0":"post-108","1":"product","2":"type-product","3":"status-publish","4":"has-post-thumbnail","6":"product_cat-control-de-peso","7":"product_tag-herbalife","9":"first","10":"instock","11":"taxable","12":"shipping-taxable","13":"purchasable","14":"product-type-simple","15":"entry","16":"content-bg","17":"loop-entry"},"_links":{"self":[{"href":"https:\/\/nutritioninteligent.com\/index.php\/wp-json\/wp\/v2\/product\/108","targetHints":{"allow":["GET"]}}],"collection":[{"href":"https:\/\/nutritioninteligent.com\/index.php\/wp-json\/wp\/v2\/product"}],"about":[{"href":"https:\/\/nutritioninteligent.com\/index.php\/wp-json\/wp\/v2\/types\/product"}],"replies":[{"embeddable":true,"href":"https:\/\/nutritioninteligent.com\/index.php\/wp-json\/wp\/v2\/comments?post=108"}],"wp:featuredmedia":[{"embeddable":true,"href":"https:\/\/nutritioninteligent.com\/index.php\/wp-json\/wp\/v2\/media\/109"}],"wp:attachment":[{"href":"https:\/\/nutritioninteligent.com\/index.php\/wp-json\/wp\/v2\/media?parent=108"}],"wp:term":[{"taxonomy":"product_brand","embeddable":true,"href":"https:\/\/nutritioninteligent.com\/index.php\/wp-json\/wp\/v2\/product_brand?post=108"},{"taxonomy":"product_cat","embeddable":true,"href":"https:\/\/nutritioninteligent.com\/index.php\/wp-json\/wp\/v2\/product_cat?post=108"},{"taxonomy":"product_tag","embeddable":true,"href":"https:\/\/nutritioninteligent.com\/index.php\/wp-json\/wp\/v2\/product_tag?post=108"}],"curies":[{"name":"wp","href":"https:\/\/api.w.org\/{rel}","templated":true}]}}