{"id":110,"date":"2024-08-26T13:29:44","date_gmt":"2024-08-26T13:29:44","guid":{"rendered":"https:\/\/nutritioninteligent.com\/?post_type=product&#038;p=110"},"modified":"2024-12-15T11:50:04","modified_gmt":"2024-12-15T11:50:04","slug":"concentrado-herbal-aloe-original-473-ml","status":"publish","type":"product","link":"https:\/\/nutritioninteligent.com\/index.php\/product\/concentrado-herbal-aloe-original-473-ml\/","title":{"rendered":"Concentrado Herbal Aloe Original 473 mL"},"content":{"rendered":"<h5 data-bind=\"visible: KeyBenefits\">Principales beneficios<\/h5>\n<div class=\"disc\" data-bind=\"visible: KeyBenefits, html: KeyBenefits\">\u2022 Contiene un 40% de jugo de Aloe Vera procedente de la hoja del Aloe Vera<br \/>\n\u2022 A\u00f1adido al agua, el Concentrado Herbal Aloe de Herbalife tiene un refrescante sabor, el cual le ayuda a conseguir la cantidad adecuada de ingesta de l\u00edquidos de 2 litros por d\u00eda<br \/>\n\u2022 Contiene c\u00edtricos para darle un sabor refrescante<br \/>\n\u2022 Contiene 22 Kcal por 15ml raci\u00f3n<\/div>\n<h5 data-bind=\"visible: FastFacts\">Datos resumidos<\/h5>\n<div class=\"disc\" data-bind=\"visible: FastFacts, html: FastFacts\">Si est\u00e1 intentando controlar su peso o lleva un estilo de vida ocupado y activo, puede ser dif\u00edcil asegurar darle a su cuerpo la ingesta requerida diaria de l\u00edquidos de 2 litros cada d\u00eda. \u00a0Tomar Concentrado Herbalife Aloe es una forma ideal de disfrutar de una bebida saludable, refrescante y de gran sabor que le ayuda a aumentar su ingesta de l\u00edquidos.<\/div>\n<h5 data-bind=\"visible: Usage\">Utilizaci\u00f3n<\/h5>\n<div class=\"disc\" data-bind=\"visible: Usage, html: Usage\">Mezcle 3-4 tapones (15 \u2013 20ml) con 125ml de agua.<\/div>\n","protected":false},"excerpt":{"rendered":"<p>Elaborado con la hoja procedente del Aloe, el Concentrado es una bebida refrescante la cual contiene jugo de Aloe Vera para darle un toque de c\u00edtricos al agua.<\/p>\n","protected":false},"featured_media":111,"comment_status":"open","ping_status":"closed","template":"","meta":{"_eb_attr":"","_kad_post_transparent":"default","_kad_post_title":"","_kad_post_layout":"default","_kad_post_sidebar_id":"","_kad_post_content_style":"default","_kad_post_vertical_padding":"default","_kad_post_feature":"","_kad_post_feature_position":"","_kad_post_header":false,"_kad_post_footer":false},"product_brand":[],"product_cat":[18,17],"product_tag":[19],"class_list":{"0":"post-110","1":"product","2":"type-product","3":"status-publish","4":"has-post-thumbnail","6":"product_cat-control-de-peso","7":"product_cat-suplementos-dieteticos","8":"product_tag-herbalife","10":"first","11":"instock","12":"taxable","13":"shipping-taxable","14":"product-type-external","15":"entry","16":"content-bg","17":"loop-entry"},"_links":{"self":[{"href":"https:\/\/nutritioninteligent.com\/index.php\/wp-json\/wp\/v2\/product\/110","targetHints":{"allow":["GET"]}}],"collection":[{"href":"https:\/\/nutritioninteligent.com\/index.php\/wp-json\/wp\/v2\/product"}],"about":[{"href":"https:\/\/nutritioninteligent.com\/index.php\/wp-json\/wp\/v2\/types\/product"}],"replies":[{"embeddable":true,"href":"https:\/\/nutritioninteligent.com\/index.php\/wp-json\/wp\/v2\/comments?post=110"}],"wp:featuredmedia":[{"embeddable":true,"href":"https:\/\/nutritioninteligent.com\/index.php\/wp-json\/wp\/v2\/media\/111"}],"wp:attachment":[{"href":"https:\/\/nutritioninteligent.com\/index.php\/wp-json\/wp\/v2\/media?parent=110"}],"wp:term":[{"taxonomy":"product_brand","embeddable":true,"href":"https:\/\/nutritioninteligent.com\/index.php\/wp-json\/wp\/v2\/product_brand?post=110"},{"taxonomy":"product_cat","embeddable":true,"href":"https:\/\/nutritioninteligent.com\/index.php\/wp-json\/wp\/v2\/product_cat?post=110"},{"taxonomy":"product_tag","embeddable":true,"href":"https:\/\/nutritioninteligent.com\/index.php\/wp-json\/wp\/v2\/product_tag?post=110"}],"curies":[{"name":"wp","href":"https:\/\/api.w.org\/{rel}","templated":true}]}}